{"id":791,"date":"2019-12-08T18:45:15","date_gmt":"2019-12-08T21:45:15","guid":{"rendered":"http:\/\/www.cerealistamoldes.com.ar\/wordpress\/?page_id=791"},"modified":"2021-06-14T09:25:33","modified_gmt":"2021-06-14T12:25:33","slug":"informacion-impositiva","status":"publish","type":"page","link":"http:\/\/176.52.130.206\/Institucional\/informacion-impositiva\/","title":{"rendered":"Informaci\u00f3n Impositiva"},"content":{"rendered":"[vc_row][vc_column css=&#8221;.vc_custom_1623002313561{padding-right: 10% !important;padding-bottom: 5% !important;padding-left: 10% !important;background-color: #1e73be !important;}&#8221;][vc_column_text css_animation=&#8221;fadeIn&#8221; css=&#8221;.vc_custom_1615067140698{padding-top: 15% !important;padding-right: 0px !important;padding-bottom: 0px !important;padding-left: 0% !important;}&#8221;]\n<h1><span style=\"color: #ffffff;\">INFORMACI\u00d3N <strong>IMPOSITIVA<\/strong><\/span><\/h1>\n[\/vc_column_text][vc_message message_box_color=&#8221;black&#8221; icon_fontawesome=&#8221;fa fa-user&#8221; css_animation=&#8221;fadeInLeft&#8221; css=&#8221;.vc_custom_1623002323703{margin-top: 0px !important;margin-right: 1px !important;margin-bottom: 0px !important;margin-left: 1px !important;border-top-width: 0px !important;border-right-width: 0px !important;border-bottom-width: 0px !important;border-left-width: 0px !important;padding-top: 0px !important;padding-right: 1em !important;padding-bottom: 0px !important;padding-left: 4em !important;background-color: #1e73be !important;}&#8221; el_class=&#8221;InformacionIpositivaMsgBoxIcono&#8221;]Responsable administrativo Benjamin Farioli[\/vc_message][vc_message message_box_color=&#8221;black&#8221; icon_fontawesome=&#8221;fa fa-phone&#8221; css_animation=&#8221;fadeInLeft&#8221; css=&#8221;.vc_custom_1623002350477{margin-top: 0px !important;margin-right: 1px !important;margin-bottom: 0px !important;margin-left: 1px !important;border-top-width: 0px !important;border-right-width: 0px !important;border-bottom-width: 0px !important;border-left-width: 0px !important;padding-top: 0px !important;padding-right: 1em !important;padding-bottom: 0px !important;padding-left: 4em !important;background-color: #1e73be !important;}&#8221; el_class=&#8221;InformacionIpositivaMsgBoxIcono&#8221;]3582-431011[\/vc_message][vc_message message_box_color=&#8221;black&#8221; icon_fontawesome=&#8221;fa fa-envelope&#8221; css_animation=&#8221;fadeInLeft&#8221; css=&#8221;.vc_custom_1623002361385{margin-top: 0px !important;margin-right: 1px !important;margin-bottom: 0px !important;margin-left: 1px !important;border-top-width: 0px !important;border-right-width: 0px !important;border-bottom-width: 0px !important;border-left-width: 0px !important;padding-top: 0px !important;padding-right: 1em !important;padding-bottom: 0px !important;padding-left: 4em !important;background-color: #1e73be !important;}&#8221; el_class=&#8221;InformacionIpositivaMsgBoxIcono&#8221;]bfarioli@cerealistamoldes.com.ar[\/vc_message][\/vc_column][\/vc_row][vc_row][vc_column css=&#8221;.vc_custom_1614725048263{padding-top: 5% !important;padding-right: 10% !important;padding-bottom: 5% !important;padding-left: 10% !important;}&#8221;][vc_row_inner][vc_column_inner width=&#8221;5\/6&#8243; css=&#8221;.vc_custom_1615405716291{padding: 2% !important;border: 1px initial #dd3333 !important;border-radius: 2px !important;}&#8221;][vc_column_text css_animation=&#8221;fadeIn&#8221;]<strong>Denominaci\u00f3n<\/strong>: CEREALISTA MOLDES S.A.<\/p>\n<p><strong>Domicilio<\/strong>: Avenida Agustin Tosco y Primera Junta (5847) Coronel Moldes \u2014 C\u00f3rdoba<\/p>\n<p><strong>C.U.I.T.<\/strong>: 30-69853863-1<\/p>\n<p><strong>Convenio Multilateral<\/strong>: 904-003893-9<\/p>\n<p><strong>Es agente de retenci\u00f3n en<\/strong>:<\/p>\n<p style=\"padding-left: 80px;\">1. Impuesto a las ganancias RG (AFIP) 830<\/p>\n<p style=\"padding-left: 80px;\">2. Impuesto a las ganancias RG (AFIP) 2118<\/p>\n<p style=\"padding-left: 80px;\">3. IVA RG (AFIP) 2300<\/p>\n<p style=\"padding-left: 80px;\">4. SUSS:<\/p>\n<p style=\"padding-left: 120px;\">a. Empresas Eventuales RG (AFIP) 3983<\/p>\n<p style=\"padding-left: 120px;\">b. Investigaci\u00f3n y Seguridad RG (AFIP) 1769<\/p>\n<p style=\"padding-left: 120px;\">c. Limpieza Inmuebles RG (AFIP) 1556<\/p>\n<p style=\"padding-left: 120px;\">d. Empresas Constructoras RG (AFIP) 2682<\/p>\n<p style=\"padding-left: 80px;\">5. Impuesto sobre los Ingresos Brutos de:<\/p>\n<p style=\"padding-left: 120px;\">a. C\u00f3rdoba (N<strong>\u00b0<\/strong> Agente: 0309007409)<\/p>\n<p style=\"padding-left: 120px;\">b. San Luis (Agentes De Retenci\u00f3n Act. Primaria (RG. 6\/2010)<\/p>\n[\/vc_column_text][vc_column_text css_animation=&#8221;fadeIn&#8221;]<strong>Es agente de percepci\u00f3n en<\/strong>:<\/p>\n<p style=\"padding-left: 80px;\">1. IVA Sujetos no categorizados RG (AFIP) 2126<\/p>\n<p style=\"padding-left: 80px;\">2. IVA Operaciones de Canje RG (AFIP) 2459<\/p>\n<p>&nbsp;<\/p>\n<p><strong>Condici\u00f3n frente a los agentes de retenci\u00f3n y percepci\u00f3n (Impuestos Nacionales)<\/strong>:<\/p>\n<p style=\"padding-left: 80px;\">1. Retenci\u00f3n IVA RG (AFIP) 18: No exento.<\/p>\n<p style=\"padding-left: 80px;\">2.\u00a0Percepci\u00f3n IVA RG (DGI) 3337: No exento.<\/p>\n[\/vc_column_text][vc_column_text css_animation=&#8221;fadeIn&#8221;]<strong>Condici\u00f3n frente a los agentes de retenci\u00f3n y percepci\u00f3n (Impuesto sobre los Ing. Brutos)<\/strong>:<\/p>\n<p style=\"padding-left: 40px;\">1 . Retenci\u00f3n<\/p>\n<p style=\"padding-left: 80px;\">1.1. Exento por norma particular:<\/p>\n<p style=\"padding-left: 120px;\">1.1.1. C\u00f3rdoba \u2014 Exenci\u00f3n Actividad Primaria \u2014 Decreto 1205\/2015 Art. 178 y Art 200 inc. a) e Inc. b).<\/p>\n<p style=\"padding-left: 40px;\">2 . Percepci\u00f3n<\/p>\n<p style=\"padding-left: 80px;\">2.1. Exento por poseer Constancia No Percepci\u00f3n:<\/p>\n<p style=\"padding-left: 120px;\">2.1.1.Mendoza: Hasta 30\/10\/2020<\/p>\n<p style=\"padding-left: 80px;\">2.2. Exento por norma particular:<\/p>\n<p style=\"padding-left: 120px;\">2.2.1.C\u00f3rdoba \u2014 Exenci\u00f3n Actividad Primaria \u2014 Decreto 1205\/2015 Art. 178 y Art 200 inc. a) e Inc. b).<\/p>\n<p style=\"padding-left: 80px;\">2.3. Exento por Coeficiente Unificado CM &lt; 0.10:<\/p>\n<p style=\"padding-left: 120px;\">2.3.1.San Luis \u2014 R (DPIP) 16\/2007 (Art. 6)<\/p>\n<p style=\"padding-left: 120px;\">2.3.2.Santa Fe \u2014 RG API Santa Fe 15\/1997 Art. 10 inc. j.<\/p>\n<p style=\"padding-left: 40px;\">3 . Reg\u00edmenes de Recaudaci\u00f3n Bancaria IIBB:<\/p>\n<p style=\"padding-left: 80px;\">3.1. SIRCREB<\/p>\n[\/vc_column_text][\/vc_column_inner][vc_column_inner width=&#8221;1\/6&#8243;][\/vc_column_inner][\/vc_row_inner][\/vc_column][\/vc_row]\n","protected":false},"excerpt":{"rendered":"<p>[vc_row][vc_column css=&#8221;.vc_custom_1623002313561{padding-right: 10% !important;padding-bottom: 5% !important;padding-left: 10% !important;background-color: #1e73be !important;}&#8221;][vc_column_text css_animation=&#8221;fadeIn&#8221; css=&#8221;.vc_custom_1615067140698{padding-top: 15% !important;padding-right: 0px !important;padding-bottom: 0px !important;padding-left: 0% !important;}&#8221;] INFORMACI\u00d3N IMPOSITIVA [\/vc_column_text][vc_message message_box_color=&#8221;black&#8221; icon_fontawesome=&#8221;fa fa-user&#8221; css_animation=&#8221;fadeInLeft&#8221; css=&#8221;.vc_custom_1623002323703{margin-top: 0px !important;margin-right: 1px !important;margin-bottom: 0px !important;margin-left: 1px !important;border-top-width: 0px !important;border-right-width: 0px !important;border-bottom-width: 0px !important;border-left-width: 0px !important;padding-top: 0px !important;padding-right: 1em !important;padding-bottom: 0px !important;padding-left: 4em !important;background-color: #1e73be !important;}&#8221; el_class=&#8221;InformacionIpositivaMsgBoxIcono&#8221;]Responsable&#8230;<\/p>\n","protected":false},"author":1,"featured_media":0,"parent":0,"menu_order":0,"comment_status":"closed","ping_status":"closed","template":"custom-page.php","meta":[],"_links":{"self":[{"href":"http:\/\/176.52.130.206\/Institucional\/wp-json\/wp\/v2\/pages\/791"}],"collection":[{"href":"http:\/\/176.52.130.206\/Institucional\/wp-json\/wp\/v2\/pages"}],"about":[{"href":"http:\/\/176.52.130.206\/Institucional\/wp-json\/wp\/v2\/types\/page"}],"author":[{"embeddable":true,"href":"http:\/\/176.52.130.206\/Institucional\/wp-json\/wp\/v2\/users\/1"}],"replies":[{"embeddable":true,"href":"http:\/\/176.52.130.206\/Institucional\/wp-json\/wp\/v2\/comments?post=791"}],"version-history":[{"count":39,"href":"http:\/\/176.52.130.206\/Institucional\/wp-json\/wp\/v2\/pages\/791\/revisions"}],"predecessor-version":[{"id":1692,"href":"http:\/\/176.52.130.206\/Institucional\/wp-json\/wp\/v2\/pages\/791\/revisions\/1692"}],"wp:attachment":[{"href":"http:\/\/176.52.130.206\/Institucional\/wp-json\/wp\/v2\/media?parent=791"}],"curies":[{"name":"wp","href":"https:\/\/api.w.org\/{rel}","templated":true}]}}