{"id":238,"date":"2019-02-05T07:05:06","date_gmt":"2019-02-05T07:05:06","guid":{"rendered":"https:\/\/ninetheme.com\/themes\/agro\/?page_id=238"},"modified":"2025-04-22T15:10:45","modified_gmt":"2025-04-22T18:10:45","slug":"nuestra-empresa","status":"publish","type":"page","link":"http:\/\/176.52.130.206\/Institucional\/nuestra-empresa\/","title":{"rendered":"Nuestra empresa"},"content":{"rendered":"[vc_row full_width=&#8221;container-null&#8221;][vc_column agro_disable_column=&#8221;yes&#8221; video_bg=&#8221;yes&#8221; video_bg_url=&#8221;https:\/\/www.youtube.com\/watch?v=0n2E7kEgmhk&#8221; css_animation=&#8221;none&#8221;][vc_row_inner][vc_column_inner][vc_column_text]<video id=\"myVideo\" style=\"min-width: 1500px; min-height: 800px; width: 100%; height: 100%; z-index: 0; top: 0; margin: 0;\" autoplay=\"autoplay\" loop=\"loop\" muted=\"\" width=\"100%\" height=\"100%\"><source src=\"http:\/\/176.52.130.206\/wp-content\/uploads\/Videos\/Nuestra empresa (nuevo)_Trim.mp4\" type=\"video\/mp4\" \/>Your browser does not support HTML5 video.<\/video>[\/vc_column_text][\/vc_column_inner][\/vc_row_inner][vc_row_inner][vc_column_inner el_class=&#8221;NuestraEmpresaTitular&#8221;][vc_column_text css_animation=&#8221;fadeIn&#8221; css=&#8221;.vc_custom_1615593262698{padding-top: 15% !important;padding-right: 10% !important;padding-bottom: 5% !important;padding-left: 10% !important;}&#8221;]\n<h1 style=\"text-align: left;\"><span style=\"color: #ffffff;\">Nuestra <strong>Empresa<\/strong><\/span><\/h1>\n[\/vc_column_text][vc_column_text css_animation=&#8221;fadeIn&#8221; css=&#8221;.vc_custom_1615593339449{padding-top: 5% !important;padding-right: 10% !important;padding-bottom: 10% !important;padding-left: 10% !important;}&#8221;]\n<h4><span style=\"color: #ffffff;\"><em>&#8220;NUESTRA MISI\u00d3N ES SER UN AGENTE DE SERVICIO PARA EL SECTOR AGROPECUARIO, GENERANDO VALOR PARA NUESTROS GRUPOS DE INTER\u00c9S A TRAV\u00c9S DEL CONOCIMIENTO, LA INNOVACI\u00d3N CONSTANTE Y LA RESPONSABILIDAD SOCIAL&#8221;<\/em><\/span><\/h4>\n[\/vc_column_text][\/vc_column_inner][\/vc_row_inner][\/vc_column][\/vc_row][vc_section][vc_row][vc_column css=&#8221;.vc_custom_1615409422863{padding-top: 5% !important;padding-right: 10% !important;padding-left: 10% !important;}&#8221;][vc_empty_space height=&#8221;50px&#8221;][\/vc_column][\/vc_row][vc_row css=&#8221;.vc_custom_1615411153294{border-left-width: 2px !important;border-left-color: #288ebf !important;border-left-style: solid !important;}&#8221;][vc_column css=&#8221;.vc_custom_1615408671010{padding-top: 5% !important;padding-right: 10% !important;padding-bottom: 5% !important;padding-left: 10% !important;}&#8221;][vc_row_inner][vc_column_inner][\/vc_column_inner][\/vc_row_inner][vc_row_inner][vc_column_inner width=&#8221;1\/3&#8243;][vc_empty_space height=&#8221;250px&#8221; css=&#8221;.vc_custom_1745345372701{margin-bottom: 3% !important;background-image: url(http:\/\/176.52.130.206\/wp-content\/uploads\/2021\/04\/10-04-2021-19-27-40.png?id=1528) !important;background-position: center !important;background-repeat: no-repeat !important;background-size: cover !important;}&#8221;][vc_column_text]\n<h3>Inicios y trayectoria<\/h3>\n[\/vc_column_text][vc_column_text]<em>Cerealista Moldes est\u00e1 en el mercado hace m\u00e1s de 40 a\u00f1os ofreciendo a sus clientes el servicio de acopio de granos y provisi\u00f3n de agroinsumos como actividades principales, complement\u00e1ndolo con asesoramiento t\u00e9cnico, servicio de log\u00edstica y expendio de combustible<\/em>[\/vc_column_text][\/vc_column_inner][vc_column_inner width=&#8221;1\/3&#8243;][vc_empty_space height=&#8221;250px&#8221; css=&#8221;.vc_custom_1745345390049{margin-bottom: 3% !important;background-image: url(http:\/\/176.52.130.206\/wp-content\/uploads\/2021\/03\/12-03-2021-23-27-10.png?id=1400) !important;background-position: center !important;background-repeat: no-repeat !important;background-size: cover !important;}&#8221;][vc_column_text]\n<h3>Propuesta de valor<\/h3>\n[\/vc_column_text][vc_column_text]<em>Su propuesta de valor consiste en ofrecer al productor agropecuario atenci\u00f3n personalizada, buscando satisfacer sus necesidades productivas, log\u00edsticas y comerciales, contando para ello con una importante estructura de m\u00e1s de 40 empleados permanentes; planta de almacenamiento de granos y galp\u00f3n de agroinsumos de envergadura; oficina central (Coronel Modes, Cba) y sucursales (Sampacho-Cba y Villa Mercedes-San Luis); y esencialmente conocimiento t\u00e9cnico y de la zona<\/em>[\/vc_column_text][\/vc_column_inner][vc_column_inner width=&#8221;1\/3&#8243;][vc_empty_space height=&#8221;250px&#8221; css=&#8221;.vc_custom_1745345443147{margin-bottom: 3% !important;background-image: url(http:\/\/176.52.130.206\/wp-content\/uploads\/2021\/05\/17-05-2021-23-04-22.png?id=1574) !important;background-position: center !important;background-repeat: no-repeat !important;background-size: cover !important;}&#8221;][vc_column_text]\n<h3>Proyecci\u00f3n<\/h3>\n[\/vc_column_text][vc_column_text]<em>La proyecci\u00f3n de la empresa es generar alianzas estrat\u00e9gicas con cada agente interviniente en la cadena productiva, desarrollando para ello planes integrales de largo plazo y logrando el liderazgo dentro del sector primario de la regi\u00f3n.<\/em><\/p>\n<p><em>Al mismo tiempo, mantener el compromiso con la comunidad a la cual pertenece e intensificarlo mediante programas concretos de acciones, de acuerdo a una escala de necesidades locales<\/em>[\/vc_column_text][\/vc_column_inner][\/vc_row_inner][\/vc_column][\/vc_row][\/vc_section][vc_row css=&#8221;.vc_custom_1615410541284{padding-right: 10% !important;padding-left: 10% !important;background-color: #f3f3f3 !important;}&#8221;][vc_column][vc_empty_space height=&#8221;50px&#8221;][vc_row_inner content_placement=&#8221;top&#8221; css=&#8221;.vc_custom_1615411192331{padding-left: 2px !important;}&#8221;][vc_column_inner width=&#8221;2\/6&#8243;][vc_column_text css_animation=&#8221;left-to-right&#8221;]\n<h1 style=\"text-align: right;\">1979<\/h1>\n[\/vc_column_text][\/vc_column_inner][vc_column_inner width=&#8221;2\/3&#8243;][vc_empty_space height=&#8221;50px&#8221;][vc_column_text css_animation=&#8221;fadeIn&#8221;]\n<h3>Inicio de actividades<\/h3>\n<p>En Coronel Moldes, C\u00f3rdoba[\/vc_column_text][vc_single_image image=&#8221;1399&#8243; img_size=&#8221;large&#8221; css_animation=&#8221;fadeIn&#8221;][\/vc_column_inner][\/vc_row_inner][\/vc_column][vc_column][vc_row_inner content_placement=&#8221;top&#8221; css=&#8221;.vc_custom_1615410021007{padding-top: 5% !important;padding-bottom: 2% !important;}&#8221;][vc_column_inner width=&#8221;2\/6&#8243; css=&#8221;.vc_custom_1615492732054{padding-left: 2px !important;}&#8221;][vc_column_text css_animation=&#8221;left-to-right&#8221;]\n<h1 style=\"text-align: right;\">1985<\/h1>\n[\/vc_column_text][\/vc_column_inner][vc_column_inner width=&#8221;2\/3&#8243;][vc_empty_space height=&#8221;50px&#8221;][vc_column_text css_animation=&#8221;fadeIn&#8221;]\n<h3>Los hermanos Luis y Osvaldo Serra adquieren la firma<\/h3>\n[\/vc_column_text][\/vc_column_inner][\/vc_row_inner][\/vc_column][vc_column][vc_row_inner content_placement=&#8221;top&#8221; css=&#8221;.vc_custom_1615410021007{padding-top: 5% !important;padding-bottom: 2% !important;}&#8221;][vc_column_inner width=&#8221;2\/6&#8243;][\/vc_column_inner][vc_column_inner width=&#8221;2\/3&#8243;][vc_column_text css_animation=&#8221;fadeIn&#8221;]\n<ul>\n<li style=\"list-style-type: disc;\">\n<h4><em>Ampliaci\u00f3n planta de acopio, llegando a 16 mil toneladas de capacidad<\/em><\/h4>\n<\/li>\n<\/ul>\n[\/vc_column_text][\/vc_column_inner][\/vc_row_inner][vc_row_inner content_placement=&#8221;top&#8221; css=&#8221;.vc_custom_1615410021007{padding-top: 5% !important;padding-bottom: 2% !important;}&#8221;][vc_column_inner width=&#8221;2\/6&#8243;][\/vc_column_inner][vc_column_inner width=&#8221;2\/3&#8243;][vc_column_text css_animation=&#8221;fadeIn&#8221;]\n<ul>\n<li style=\"list-style-type: disc;\">\n<h4><em>Inicio actividad log\u00edstica<\/em><\/h4>\n<\/li>\n<\/ul>\n[\/vc_column_text][\/vc_column_inner][\/vc_row_inner][vc_row_inner content_placement=&#8221;top&#8221; css=&#8221;.vc_custom_1615410021007{padding-top: 5% !important;padding-bottom: 2% !important;}&#8221;][vc_column_inner width=&#8221;2\/6&#8243;][\/vc_column_inner][vc_column_inner width=&#8221;2\/3&#8243;][vc_column_text css_animation=&#8221;fadeIn&#8221;]\n<ul>\n<li style=\"list-style-type: disc;\">\n<h4><em>Instalaci\u00f3n de planta de combustibles de 120 mil litros de capacidad<\/em><\/h4>\n<\/li>\n<\/ul>\n[\/vc_column_text][\/vc_column_inner][\/vc_row_inner][vc_row_inner content_placement=&#8221;top&#8221; css=&#8221;.vc_custom_1615410021007{padding-top: 5% !important;padding-bottom: 2% !important;}&#8221;][vc_column_inner width=&#8221;2\/6&#8243;][vc_column_text css_animation=&#8221;left-to-right&#8221;]\n<h1 style=\"text-align: right;\">1998<\/h1>\n[\/vc_column_text][\/vc_column_inner][vc_column_inner width=&#8221;2\/3&#8243;][vc_empty_space height=&#8221;50px&#8221;][vc_column_text css_animation=&#8221;fadeIn&#8221;]\n<h3 class=\"__title\">Asociaci\u00f3n con AGD S.A. en partes iguales<\/h3>\n[\/vc_column_text][\/vc_column_inner][\/vc_row_inner][vc_row_inner content_placement=&#8221;top&#8221; css=&#8221;.vc_custom_1615410021007{padding-top: 5% !important;padding-bottom: 2% !important;}&#8221;][vc_column_inner width=&#8221;2\/6&#8243;][\/vc_column_inner][vc_column_inner width=&#8221;2\/3&#8243;][vc_column_text css_animation=&#8221;fadeIn&#8221;]\n<ul>\n<li style=\"list-style-type: disc;\">\n<h4><em>Apertura sucursales en Villa Mercedes, San Luis y Sampacho, C\u00f3rdoba<\/em><\/h4>\n<\/li>\n<\/ul>\n[\/vc_column_text][\/vc_column_inner][\/vc_row_inner][vc_row_inner content_placement=&#8221;top&#8221; css=&#8221;.vc_custom_1615410021007{padding-top: 5% !important;padding-bottom: 2% !important;}&#8221;][vc_column_inner width=&#8221;2\/6&#8243;][\/vc_column_inner][vc_column_inner width=&#8221;2\/3&#8243;][vc_column_text css_animation=&#8221;fadeIn&#8221;]\n<ul>\n<li style=\"list-style-type: disc;\">\n<h4><em>Inauguraci\u00f3n de galp\u00f3n y oficina de agroinsumos sobre ingreso a localidad Coronel Moldes<\/em><\/h4>\n<\/li>\n<\/ul>\n[\/vc_column_text][\/vc_column_inner][\/vc_row_inner][vc_row_inner content_placement=&#8221;top&#8221; css=&#8221;.vc_custom_1615410021007{padding-top: 5% !important;padding-bottom: 2% !important;}&#8221;][vc_column_inner width=&#8221;2\/6&#8243;][vc_column_text css_animation=&#8221;left-to-right&#8221;]\n<h2 style=\"text-align: right;\">Actualidad<\/h2>\n[\/vc_column_text][\/vc_column_inner][vc_column_inner width=&#8221;2\/3&#8243;][vc_empty_space height=&#8221;50px&#8221;][vc_column_text css_animation=&#8221;fadeIn&#8221;]\n<ul>\n<li style=\"list-style-type: disc;\">\n<h4><em>Seguimos adelante!!!<\/em><\/h4>\n<\/li>\n<\/ul>\n[\/vc_column_text][vc_single_image image=&#8221;1558&#8243; img_size=&#8221;large&#8221; alignment=&#8221;center&#8221;][\/vc_column_inner][\/vc_row_inner][\/vc_column][\/vc_row]\n","protected":false},"excerpt":{"rendered":"<p>[vc_row full_width=&#8221;container-null&#8221;][vc_column agro_disable_column=&#8221;yes&#8221; video_bg=&#8221;yes&#8221; video_bg_url=&#8221;https:\/\/www.youtube.com\/watch?v=0n2E7kEgmhk&#8221; css_animation=&#8221;none&#8221;][vc_row_inner][vc_column_inner][vc_column_text]Your browser does not support HTML5 video.[\/vc_column_text][\/vc_column_inner][\/vc_row_inner][vc_row_inner][vc_column_inner el_class=&#8221;NuestraEmpresaTitular&#8221;][vc_column_text css_animation=&#8221;fadeIn&#8221; css=&#8221;.vc_custom_1615593262698{padding-top: 15% !important;padding-right: 10% !important;padding-bottom: 5% !important;padding-left: 10% !important;}&#8221;] Nuestra Empresa [\/vc_column_text][vc_column_text css_animation=&#8221;fadeIn&#8221; css=&#8221;.vc_custom_1615593339449{padding-top: 5% !important;padding-right: 10% !important;padding-bottom: 10% !important;padding-left: 10% !important;}&#8221;] &#8220;NUESTRA MISI\u00d3N ES SER UN AGENTE DE SERVICIO PARA EL SECTOR AGROPECUARIO, GENERANDO VALOR PARA NUESTROS GRUPOS DE INTER\u00c9S&#8230;<\/p>\n","protected":false},"author":1,"featured_media":0,"parent":0,"menu_order":0,"comment_status":"closed","ping_status":"closed","template":"custom-page.php","meta":[],"_links":{"self":[{"href":"http:\/\/176.52.130.206\/Institucional\/wp-json\/wp\/v2\/pages\/238"}],"collection":[{"href":"http:\/\/176.52.130.206\/Institucional\/wp-json\/wp\/v2\/pages"}],"about":[{"href":"http:\/\/176.52.130.206\/Institucional\/wp-json\/wp\/v2\/types\/page"}],"author":[{"embeddable":true,"href":"http:\/\/176.52.130.206\/Institucional\/wp-json\/wp\/v2\/users\/1"}],"replies":[{"embeddable":true,"href":"http:\/\/176.52.130.206\/Institucional\/wp-json\/wp\/v2\/comments?post=238"}],"version-history":[{"count":192,"href":"http:\/\/176.52.130.206\/Institucional\/wp-json\/wp\/v2\/pages\/238\/revisions"}],"predecessor-version":[{"id":1842,"href":"http:\/\/176.52.130.206\/Institucional\/wp-json\/wp\/v2\/pages\/238\/revisions\/1842"}],"wp:attachment":[{"href":"http:\/\/176.52.130.206\/Institucional\/wp-json\/wp\/v2\/media?parent=238"}],"curies":[{"name":"wp","href":"https:\/\/api.w.org\/{rel}","templated":true}]}}

[vc_row full_width=&#8221;container-null&#8221;][vc_column agro_disable_column=&#8221;yes&#8221; video_bg=&#8221;yes&#8221; video_bg_url=&#8221;https://www.youtube.com/watch?v=0n2E7kEgmhk&#8221; css_animation=&#8221;none&#8221;][vc_row_inner][vc_column_inner][vc_column_text]<video id="myVideo" style="min-width: 1500px; min-height: 800px; width: 100%; height: 100%; z-index: 0; top: 0; margin: 0;" autoplay="autoplay" loop="loop" muted="" width="100%" height="100%"><source src="http://176.52.130.206/wp-content/uploads/Videos/Nuestra empresa (nuevo)_Trim.mp4" type="video/mp4" />Your browser does not support HTML5 video.</video>[/vc_column_text][/vc_column_inner][/vc_row_inner][vc_row_inner][vc_column_inner el_class=&#8221;NuestraEmpresaTitular&#8221;][vc_column_text css_animation=&#8221;fadeIn&#8221; css=&#8221;.vc_custom_1615593262698{padding-top: 15% !important;padding-right: 10% !important;padding-bottom: 5% !important;padding-left: 10% !important;}&#8221;]
<h1 style="text-align: left;"><span style="color: #ffffff;">Nuestra <strong>Empresa</strong></span></h1>
[/vc_column_text][vc_column_text css_animation=&#8221;fadeIn&#8221; css=&#8221;.vc_custom_1615593339449{padding-top: 5% !important;padding-right: 10% !important;padding-bottom: 10% !important;padding-left: 10% !important;}&#8221;]
<h4><span style="color: #ffffff;"><em>&#8220;NUESTRA MISIÓN ES SER UN AGENTE DE SERVICIO PARA EL SECTOR AGROPECUARIO, GENERANDO VALOR PARA NUESTROS GRUPOS DE INTERÉS A TRAVÉS DEL CONOCIMIENTO, LA INNOVACIÓN CONSTANTE Y LA RESPONSABILIDAD SOCIAL&#8221;</em></span></h4>
[/vc_column_text][/vc_column_inner][/vc_row_inner][/vc_column][/vc_row][vc_section][vc_row][vc_column css=&#8221;.vc_custom_1615409422863{padding-top: 5% !important;padding-right: 10% !important;padding-left: 10% !important;}&#8221;][vc_empty_space height=&#8221;50px&#8221;][/vc_column][/vc_row][vc_row css=&#8221;.vc_custom_1615411153294{border-left-width: 2px !important;border-left-color: #288ebf !important;border-left-style: solid !important;}&#8221;][vc_column css=&#8221;.vc_custom_1615408671010{padding-top: 5% !important;padding-right: 10% !important;padding-bottom: 5% !important;padding-left: 10% !important;}&#8221;][vc_row_inner][vc_column_inner][/vc_column_inner][/vc_row_inner][vc_row_inner][vc_column_inner width=&#8221;1/3&#8243;][vc_empty_space height=&#8221;250px&#8221; css=&#8221;.vc_custom_1745345372701{margin-bottom: 3% !important;background-image: url(http://176.52.130.206/wp-content/uploads/2021/04/10-04-2021-19-27-40.png?id=1528) !important;background-position: center !important;background-repeat: no-repeat !important;background-size: cover !important;}&#8221;][vc_column_text]
<h3>Inicios y trayectoria</h3>
[/vc_column_text][vc_column_text]<em>Cerealista Moldes está en el mercado hace más de 40 años ofreciendo a sus clientes el servicio de acopio de granos y provisión de agroinsumos como actividades principales, complementándolo con asesoramiento técnico, servicio de logística y expendio de combustible</em>[/vc_column_text][/vc_column_inner][vc_column_inner width=&#8221;1/3&#8243;][vc_empty_space height=&#8221;250px&#8221; css=&#8221;.vc_custom_1745345390049{margin-bottom: 3% !important;background-image: url(http://176.52.130.206/wp-content/uploads/2021/03/12-03-2021-23-27-10.png?id=1400) !important;background-position: center !important;background-repeat: no-repeat !important;background-size: cover !important;}&#8221;][vc_column_text]
<h3>Propuesta de valor</h3>
[/vc_column_text][vc_column_text]<em>Su propuesta de valor consiste en ofrecer al productor agropecuario atención personalizada, buscando satisfacer sus necesidades productivas, logísticas y comerciales, contando para ello con una importante estructura de más de 40 empleados permanentes; planta de almacenamiento de granos y galpón de agroinsumos de envergadura; oficina central (Coronel Modes, Cba) y sucursales (Sampacho-Cba y Villa Mercedes-San Luis); y esencialmente conocimiento técnico y de la zona</em>[/vc_column_text][/vc_column_inner][vc_column_inner width=&#8221;1/3&#8243;][vc_empty_space height=&#8221;250px&#8221; css=&#8221;.vc_custom_1745345443147{margin-bottom: 3% !important;background-image: url(http://176.52.130.206/wp-content/uploads/2021/05/17-05-2021-23-04-22.png?id=1574) !important;background-position: center !important;background-repeat: no-repeat !important;background-size: cover !important;}&#8221;][vc_column_text]
<h3>Proyección</h3>
[/vc_column_text][vc_column_text]<em>La proyección de la empresa es generar alianzas estratégicas con cada agente interviniente en la cadena productiva, desarrollando para ello planes integrales de largo plazo y logrando el liderazgo dentro del sector primario de la región.</em></p>
<p><em>Al mismo tiempo, mantener el compromiso con la comunidad a la cual pertenece e intensificarlo mediante programas concretos de acciones, de acuerdo a una escala de necesidades locales</em>[/vc_column_text][/vc_column_inner][/vc_row_inner][/vc_column][/vc_row][/vc_section][vc_row css=&#8221;.vc_custom_1615410541284{padding-right: 10% !important;padding-left: 10% !important;background-color: #f3f3f3 !important;}&#8221;][vc_column][vc_empty_space height=&#8221;50px&#8221;][vc_row_inner content_placement=&#8221;top&#8221; css=&#8221;.vc_custom_1615411192331{padding-left: 2px !important;}&#8221;][vc_column_inner width=&#8221;2/6&#8243;][vc_column_text css_animation=&#8221;left-to-right&#8221;]
<h1 style="text-align: right;">1979</h1>
[/vc_column_text][/vc_column_inner][vc_column_inner width=&#8221;2/3&#8243;][vc_empty_space height=&#8221;50px&#8221;][vc_column_text css_animation=&#8221;fadeIn&#8221;]
<h3>Inicio de actividades</h3>
<p>En Coronel Moldes, Córdoba[/vc_column_text][vc_single_image image=&#8221;1399&#8243; img_size=&#8221;large&#8221; css_animation=&#8221;fadeIn&#8221;][/vc_column_inner][/vc_row_inner][/vc_column][vc_column][vc_row_inner content_placement=&#8221;top&#8221; css=&#8221;.vc_custom_1615410021007{padding-top: 5% !important;padding-bottom: 2% !important;}&#8221;][vc_column_inner width=&#8221;2/6&#8243; css=&#8221;.vc_custom_1615492732054{padding-left: 2px !important;}&#8221;][vc_column_text css_animation=&#8221;left-to-right&#8221;]
<h1 style="text-align: right;">1985</h1>
[/vc_column_text][/vc_column_inner][vc_column_inner width=&#8221;2/3&#8243;][vc_empty_space height=&#8221;50px&#8221;][vc_column_text css_animation=&#8221;fadeIn&#8221;]
<h3>Los hermanos Luis y Osvaldo Serra adquieren la firma</h3>
[/vc_column_text][/vc_column_inner][/vc_row_inner][/vc_column][vc_column][vc_row_inner content_placement=&#8221;top&#8221; css=&#8221;.vc_custom_1615410021007{padding-top: 5% !important;padding-bottom: 2% !important;}&#8221;][vc_column_inner width=&#8221;2/6&#8243;][/vc_column_inner][vc_column_inner width=&#8221;2/3&#8243;][vc_column_text css_animation=&#8221;fadeIn&#8221;]
<ul>
<li style="list-style-type: disc;">
<h4><em>Ampliación planta de acopio, llegando a 16 mil toneladas de capacidad</em></h4>
</li>
</ul>
[/vc_column_text][/vc_column_inner][/vc_row_inner][vc_row_inner content_placement=&#8221;top&#8221; css=&#8221;.vc_custom_1615410021007{padding-top: 5% !important;padding-bottom: 2% !important;}&#8221;][vc_column_inner width=&#8221;2/6&#8243;][/vc_column_inner][vc_column_inner width=&#8221;2/3&#8243;][vc_column_text css_animation=&#8221;fadeIn&#8221;]
<ul>
<li style="list-style-type: disc;">
<h4><em>Inicio actividad logística</em></h4>
</li>
</ul>
[/vc_column_text][/vc_column_inner][/vc_row_inner][vc_row_inner content_placement=&#8221;top&#8221; css=&#8221;.vc_custom_1615410021007{padding-top: 5% !important;padding-bottom: 2% !important;}&#8221;][vc_column_inner width=&#8221;2/6&#8243;][/vc_column_inner][vc_column_inner width=&#8221;2/3&#8243;][vc_column_text css_animation=&#8221;fadeIn&#8221;]
<ul>
<li style="list-style-type: disc;">
<h4><em>Instalación de planta de combustibles de 120 mil litros de capacidad</em></h4>
</li>
</ul>
[/vc_column_text][/vc_column_inner][/vc_row_inner][vc_row_inner content_placement=&#8221;top&#8221; css=&#8221;.vc_custom_1615410021007{padding-top: 5% !important;padding-bottom: 2% !important;}&#8221;][vc_column_inner width=&#8221;2/6&#8243;][vc_column_text css_animation=&#8221;left-to-right&#8221;]
<h1 style="text-align: right;">1998</h1>
[/vc_column_text][/vc_column_inner][vc_column_inner width=&#8221;2/3&#8243;][vc_empty_space height=&#8221;50px&#8221;][vc_column_text css_animation=&#8221;fadeIn&#8221;]
<h3 class="__title">Asociación con AGD S.A. en partes iguales</h3>
[/vc_column_text][/vc_column_inner][/vc_row_inner][vc_row_inner content_placement=&#8221;top&#8221; css=&#8221;.vc_custom_1615410021007{padding-top: 5% !important;padding-bottom: 2% !important;}&#8221;][vc_column_inner width=&#8221;2/6&#8243;][/vc_column_inner][vc_column_inner width=&#8221;2/3&#8243;][vc_column_text css_animation=&#8221;fadeIn&#8221;]
<ul>
<li style="list-style-type: disc;">
<h4><em>Apertura sucursales en Villa Mercedes, San Luis y Sampacho, Córdoba</em></h4>
</li>
</ul>
[/vc_column_text][/vc_column_inner][/vc_row_inner][vc_row_inner content_placement=&#8221;top&#8221; css=&#8221;.vc_custom_1615410021007{padding-top: 5% !important;padding-bottom: 2% !important;}&#8221;][vc_column_inner width=&#8221;2/6&#8243;][/vc_column_inner][vc_column_inner width=&#8221;2/3&#8243;][vc_column_text css_animation=&#8221;fadeIn&#8221;]
<ul>
<li style="list-style-type: disc;">
<h4><em>Inauguración de galpón y oficina de agroinsumos sobre ingreso a localidad Coronel Moldes</em></h4>
</li>
</ul>
[/vc_column_text][/vc_column_inner][/vc_row_inner][vc_row_inner content_placement=&#8221;top&#8221; css=&#8221;.vc_custom_1615410021007{padding-top: 5% !important;padding-bottom: 2% !important;}&#8221;][vc_column_inner width=&#8221;2/6&#8243;][vc_column_text css_animation=&#8221;left-to-right&#8221;]
<h2 style="text-align: right;">Actualidad</h2>
[/vc_column_text][/vc_column_inner][vc_column_inner width=&#8221;2/3&#8243;][vc_empty_space height=&#8221;50px&#8221;][vc_column_text css_animation=&#8221;fadeIn&#8221;]
<ul>
<li style="list-style-type: disc;">
<h4><em>Seguimos adelante!!!</em></h4>
</li>
</ul>
[/vc_column_text][vc_single_image image=&#8221;1558&#8243; img_size=&#8221;large&#8221; alignment=&#8221;center&#8221;][/vc_column_inner][/vc_row_inner][/vc_column][/vc_row]

<p>[vc_row full_width=&#8221;container-null&#8221;][vc_column agro_disable_column=&#8221;yes&#8221; video_bg=&#8221;yes&#8221; video_bg_url=&#8221;https://www.youtube.com/watch?v=0n2E7kEgmhk&#8221; css_animation=&#8221;none&#8221;][vc_row_inner][vc_column_inner][vc_column_text]Your browser does not support HTML5 video.[/vc_column_text][/vc_column_inner][/vc_row_inner][vc_row_inner][vc_column_inner el_class=&#8221;NuestraEmpresaTitular&#8221;][vc_column_text css_animation=&#8221;fadeIn&#8221; css=&#8221;.vc_custom_1615593262698{padding-top: 15% !important;padding-right: 10% !important;padding-bottom: 5% !important;padding-left: 10% !important;}&#8221;] Nuestra Empresa [/vc_column_text][vc_column_text css_animation=&#8221;fadeIn&#8221; css=&#8221;.vc_custom_1615593339449{padding-top: 5% !important;padding-right: 10% !important;padding-bottom: 10% !important;padding-left: 10% !important;}&#8221;] &#8220;NUESTRA MISIÓN ES SER UN AGENTE DE SERVICIO PARA EL SECTOR AGROPECUARIO, GENERANDO VALOR PARA NUESTROS GRUPOS DE INTERÉS&#8230;</p>
